2318 is divided by 61.
0
What is the remainder when 8123 is divided by 12?
11
Calculate the remainder when 319 is divided by 88.
55
Calculate the remainder when 57 is divided by 33.
24
Calculate the remainder when 1534 is divided by 1529.
5
What is the remainder when 964 is divided by 218?
92
What is the remainder when 71 is divided by 6?
5
Calculate the remainder when 105 is divided by 36.
33
What is the remainder when 156 is divided by 53?
50
What is the remainder when 1220 is divided by 110?
10
What is the remainder when 108 is divided by 37?
34
What is the remainder when 224 is divided by 113?
111
Calculate the remainder when 14276 is divided by 238.
234
What is the remainder when 8224 is divided by 4106?
12
Calculate the remainder when 733 is divided by 49.
47
Calculate the remainder when 3150 is divided by 31.
19
What is the remainder when 1154 is divided by 19?
14
What is the remainder when 427 is divided by 11?
9
Calculate the remainder when 62 is divided by 7.
6
What is the remainder when 348 is divided by 20?
8
Calculate the remainder when 5248 is divided by 89.
86
What is the remainder when 802 is divided by 12?
10
What is the remainder when 597 is divided by 23?
22
What is the remainder when 302 is divided by 34?
30
What is the remainder when 1533 is divided by 376?
29
What is the remainder when 390 is divided by 23?
22
Calculate the remainder when 831 is divided by 17.
15
Calculate the remainder when 1098 is divided by 91.
6
What is the remainder when 247 is divided by 124?
123
Calculate the remainder when 998 is divided by 40.
38
Calculate the remainder when 1759 is divided by 351.
4
Calculate the remainder when 3189 is divided by 55.
54
Calculate the remainder when 107 is divided by 39.
29
Calculate the remainder when 713 is divided by 65.
63
Calculate the remainder when 59551 is divided by 16.
15
Calculate the remainder when 171 is divided by 24.
3
What is the remainder when 31 is divided by 21?
10
Calculate the remainder when 491 is divided by 95.
16
What is the remainder when 858 is divided by 333?
192
What is the remainder when 2595 is divided by 49?
47
What is the remainder when 553 is divided by 62?
57
Calculate the remainder when 103 is divided by 53.
50
What is the remainder when 111 is divided by 91?
20
What is the remainder when 976 is divided by 143?
118
Calculate the remainder when 263 is divided by 27.
20
Calculate the remainder when 1583 is divided by 14.
1
Calculate the remainder when 209 is divided by 55.
44
Calculate the remainder when 1397 is divided by 611.
175
Calculate the remainder when 1152 is divided by 105.
102
What is the remainder when 121 is divided by 4?
1
What is the remainder when 177 is divided by 60?
57
What is the remainder when 190 is divided by 64?
62
What is the remainder when 3332 is divided by 23?
20
Calculate the remainder when 66 is divided by 24.
18
Calculate the remainder when 105 is divided by 11.
6
Calculate the remainder when 496 is divided by 161.
13
Calculate the remainder when 1019 is divided by 144.
11
Calculate the remainder when 1678 is divided by 42.
40
Calculate the remainder when 318 is divided by 57.
33
Calculate the remainder when 1193 is divided by 13.
10
Calculate the remainder when 152 is divided by 101.
51
Calculate the remainder when 7884 is divided by 136.
132
What is the remainder when 207 is divided by 36?
27
What is the remainder when 31 is divided by 11?
9
Calculate the remainder when 5606 is divided by 66.
62
Calculate the remainder when 776 is divided by 73.
46
What is the remainder when 314 is divided by 35?
34
What is the remainder when 1715 is divided by 852?
11
Calculate the remainder when 141 is divided by 75.
66
What is the remainder when 702 is divided by 159?
66
Calculate the remainder when 891 is divided by 222.
3
Calculate the remainder when 2477 is divided by 248.
245
What is the remainder when 1933 is divided by 4?
1
What is the remainder when 263 is divided by 41?
17
Calculate the remainder when 362 is divided by 99.
65
What is the remainder when 676 is divided by 37?
10
What is the remainder when 172 is divided by 63?
46
What is the remainder when 1425 is divided by 432?
129
What is the remainder when 1142 is divided by 22?
20
What is the remainder when 6533 is divided by 54?
53
Calculate the remainder when 2359 is divided by 17.
13
What is the remainder when 135 is divided by 48?
39
Calculate the remainder when 349 is divided by 18.
7
Calculate the remainder when 401 is divided by 101.
98
Calculate the remainder when 238 is divided by 165.
73
What is the remainder when 397 is divided by 41?
28
Calculate the remainder when 2295 is divided by 82.
81
Calculate the remainder when 3244 is divided by 29.
25
What is the remainder when 171 is divided by 83?
5
What is the remainder when 721 is divided by 214?
79
What is the remainder when 1715 is divided by 1714?
1
Calculate the remainder when 174 is divided by 32.
14
Calculate the remainder when 263 is divided by 122.
19
Calculate the remainder when 131 is divided by 32.
3
Calculate the remainder when 629 is divided by 203.
20
What is the remainder when 144 is divided by 23?
6
What is the remainder when 580 is divided by 99?
85
Calculate the remainder when 147 is divided by 40.
27
What is the remainder when 1177 is divided by 1176?
1
Calculate the remainder when 152 is divided by 84.
68
What is the remainder when 1847 is divided by 1844?
3
What is the remainder when 387 is divided by 356?
31
What is the remainder when 1861 is divided by 49?
48
What is the remainder when 236 is divided by 18?
2
Calculate the remainder when 204 is divided by 64.
12
What is the remainder when 148 is divided by 70?
8
Calculate the remainder when 5489 is divided by 6.
5
Calculate the remainder when 42 is divided by 23.
19
What is the remainder when 317 is divided by 83?
68
What is the remainder when 597 is divided by 5?
2
Calculate the remainder when 694 is divided by 54.
46
Calculate the remainder when 500 is divided by 63.
59
What is the remainder when 441 is divided by 63?
0
Calculate the remainder when 613 is divided by 22.
19
Calculate the remainder when 177 is divided by 88.
1
What is the remainder when 89 is divided by 23?
20
Calculate the remainder when 7798 is divided by 14.
0
Calculate the remainder when 48 is divided by 37.
11
What is the remainder when 285 is divided by 98?
89
What is the remainder when 54 is divided by 20?
14
What is the remainder when 50 is divided by 11?
6
What is the remainder when 214 is divided by 55?
49
What is the remainder when 14624 is divided by 59?
51
Calculate the remainder when 614 is divided by 77.
75
Calculate the remainder when 220 is divided by 3.
1
Calculate the remainder when 707 is divided by 33.
14
Calculate the remainder when 1147 is divided by 25.
22
What is the remainder when 226 is divided by 61?
43
Calculate the remainder when 93 is divided by 8.
5
What is the remainder when 92 is divided by 27?
11
What is the remainder when 3356 is divided by 80?
76
Calculate the remainder when 212 is divided by 44.
36
Calculate the remainder when 111 is divided by 89.
22
What is the remainder when 1370 is divided by 8?
2
Calculate the remainder when 85 is divided by 8.
5
Calculate the remainder when 357 is divided by 61.
52
What is the remainder when 183 is divided by 48?
39
What is the remainder when 351 is divided by 174?
3
What is the remainder when 41 is divided by 22?
19
Calculate the remainder when 803 is divided by 11.
0
Calculate the remainder when 92 is divided by 90.
2
Calculate the remainder when 164 is divided by 53.
5
Calculate the remainder when 470 is divided by 228.
14
What is the remainder when 31750 is divided by 54?
52
What is the remainder when 215 is divided by 55?
50
What is the remainder when 557 is divided by 140?
137
What is the remainder when 296 is divided by 76?
68
Calculate the remainder when 282 is divided by 24.
18
What is the remainder when 7010 is divided by 1752?
2
What is the remainder when 27 is divided by 5?
2
What is the remainder when 62 is divided by 37?
25
Calculate the remainder when 574 is divided by 146.
136
Calculate the remainder when 7989 is divided by 14.
9
What is the remainder when 678 is divided by 139?
122
What is the remainder w